on divisor of 32 and 1?
1
What is the highest common divisor of 114 and 190?
38
Calculate the highest common divisor of 135 and 3195.
45
What is the highest common factor of 264 and 24?
24
What is the highest common factor of 310 and 10?
10
What is the highest common divisor of 170 and 38?
2
What is the greatest common divisor of 13012 and 4?
4
Calculate the greatest common factor of 594 and 108.
54
Calculate the greatest common factor of 42 and 105.
21
Calculate the highest common factor of 4 and 954.
2
What is the highest common divisor of 54 and 192?
6
What is the greatest common divisor of 231 and 1771?
77
What is the highest common divisor of 250 and 300?
50
Calculate the greatest common factor of 45 and 24.
3
Calculate the greatest common divisor of 120 and 72.
24
What is the greatest common factor of 774 and 6?
6
What is the greatest common factor of 252 and 140?
28
Calculate the highest common divisor of 403 and 62.
31
Calculate the greatest common factor of 2831 and 1192.
149
What is the greatest common factor of 4361 and 89?
89
Calculate the highest common factor of 166 and 747.
83
What is the greatest common factor of 114 and 1254?
114
What is the highest common divisor of 80 and 640?
80
What is the greatest common divisor of 416 and 364?
52
Calculate the highest common factor of 667 and 29.
29
Calculate the greatest common factor of 104 and 6214.
26
What is the greatest common divisor of 99 and 44?
11
What is the greatest common divisor of 8 and 6696?
8
Calculate the highest common factor of 85 and 145.
5
What is the highest common divisor of 711 and 36?
9
Calculate the highest common divisor of 140 and 10.
10
What is the greatest common factor of 9 and 543?
3
Calculate the greatest common factor of 1024 and 288.
32
What is the greatest common factor of 270 and 702?
54
Calculate the greatest common factor of 28 and 84.
28
What is the greatest common factor of 36 and 100?
4
What is the highest common divisor of 3473 and 184?
23
Calculate the greatest common divisor of 156 and 6630.
78
What is the greatest common factor of 658 and 266?
14
Calculate the greatest common factor of 52 and 611.
13
Calculate the highest common factor of 375 and 1185.
15
What is the greatest common divisor of 2277 and 4048?
253
What is the highest common factor of 1 and 4472?
1
Calculate the highest common factor of 70 and 570.
10
What is the highest common divisor of 85 and 765?
85
What is the highest common divisor of 43838 and 46?
46
What is the highest common divisor of 60 and 660?
60
What is the greatest common factor of 225 and 25?
25
Calculate the greatest common factor of 106 and 23638.
106
Calculate the greatest common factor of 6 and 104.
2
What is the greatest common divisor of 1295 and 350?
35
Calculate the greatest common divisor of 2499 and 1225.
49
What is the greatest common divisor of 35 and 637?
7
Calculate the highest common factor of 16 and 1648.
16
Calculate the greatest common factor of 176 and 825.
11
What is the greatest common factor of 63 and 765?
9
What is the greatest common divisor of 10 and 1026?
2
Calculate the greatest common divisor of 2 and 103.
1
What is the highest common factor of 3670 and 20?
10
What is the highest common divisor of 36 and 3690?
18
What is the highest common factor of 112 and 602?
14
What is the greatest common divisor of 11 and 308?
11
What is the highest common factor of 39 and 13?
13
What is the greatest common factor of 35 and 10?
5
Calculate the greatest common divisor of 67 and 7571.
67
Calculate the greatest common factor of 12020 and 5.
5
Calculate the highest common factor of 75 and 93.
3
Calculate the greatest common factor of 9 and 153.
9
Calculate the highest common divisor of 34 and 5.
1
What is the highest common factor of 13 and 1157?
13
Calculate the greatest common divisor of 471 and 6.
3
What is the greatest common divisor of 68 and 153?
17
Calculate the greatest common factor of 1 and 3879.
1
What is the highest common divisor of 28 and 120?
4
Calculate the greatest common factor of 16 and 32432.
16
Calculate the greatest common factor of 93 and 62.
31
What is the greatest common factor of 25753 and 91?
91
What is the greatest common divisor of 36 and 12?
12
What is the highest common divisor of 54 and 5319?
27
What is the highest common divisor of 60 and 956?
4
What is the greatest common factor of 23 and 69?
23
Calculate the greatest common divisor of 7 and 126.
7
What is the highest common divisor of 824 and 1133?
103
Calculate the highest common divisor of 332 and 249.
83
Calculate the highest common divisor of 348 and 1914.
174
Calculate the highest common divisor of 678 and 210.
6
What is the greatest common divisor of 118 and 10?
2
Calculate the greatest common factor of 15 and 1605.
15
What is the highest common factor of 720 and 18?
18
What is the highest common divisor of 20 and 500?
20
Calculate the highest common factor of 17 and 833.
17
What is the highest common factor of 434 and 448?
14
Calculate the greatest common factor of 16 and 1296.
16
Calculate the highest common factor of 1727 and 6437.
157
What is the highest common factor of 24 and 102?
6
Calculate the greatest common factor of 15 and 45.
15
Calculate the highest common factor of 56 and 1911.
7
Calculate the greatest common factor of 60 and 345.
15
Calculate the highest common divisor of 6 and 486.
6
What is the greatest common factor of 90 and 711?
9
Calculate the highest common factor of 82 and 615.
41
What is the greatest common divisor of 192 and 72?
24
What is the highest common factor of 902 and 492?
82
Calculate the greatest common divisor of 779 and 41.
41
What is the highest common factor of 896 and 384?
128
What is the greatest common factor of 92 and 667?
23
Calculate the greatest common factor of 689 and 106.
53
What is the greatest common factor of 165 and 143?
11
What is the greatest common factor of 70 and 455?
35
Calculate the highest common factor of 96 and 2744.
8
What is the highest common divisor of 75 and 24?
3
Calculate the greatest common factor of 34 and 1802.
34
Calculate the greatest common divisor of 22609 and 23.
23
Calculate the highest common factor of 4625 and 37.
37
Calculate the greatest common divisor of 85 and 20.
5
Calculate the greatest common factor of 38 and 8379.
19
Calculate the highest common divisor of 142 and 9514.
142
Calculate the greatest common factor of 637 and 49.
49
What is the greatest common divisor of 3443 and 2191?
313
Calculate the highest common factor of 84 and 6804.
84
Calculate the greatest common factor of 8 and 4376.
8
Calculate the greatest common divisor of 250 and 150.
50
Calculate the highest common divisor of 3 and 186.
3
What is the greatest common factor of 62 and 13082?
62
What is the greatest common divisor of 27387 and 153?
153
Calculate the greatest common divisor of 444 and 24.
12
What is the greatest common factor of 7254 and 36?
18
What is the greatest common divisor of 158 and 4?
2
What is the greatest common factor of 1440 and 216?
72
What is the highest common divisor of 2114 and 14?
14
Calculate the highest common divisor of 7 and 777.
7
Calculate the greatest common divisor of 25 and 115.
5
What is the greatest common divisor of 92 and 322?
46
Calculate the highest common divisor of 418 and 114.
38
Calculate the greatest common factor of 356 and 623.
89
Calculate the greatest common factor of 39 and 1014.
39
Calculate the greatest common factor of 27 and 783.
27
Calculate the highest common divisor of 88 and 32.
8
Calculate the greatest common divisor of 75 and 4335.
15
Calculate the greatest common factor of 8299 and 43.
43
What is the highest common divisor of 36 and 36?
36
Calculate the highest common factor of 3180 and 60.
60
What is the greatest common factor of 196 and 16?
4
What is the greatest common divisor of 59 and 10?
1
Calculate the highest common factor of 3 and 11.
1
What is the greatest common divisor of 244 and 12?
4
Calculate the highest common factor of 2378 and 410.
82
What is the highest common factor of 17472 and 14?
14
Calculate the greatest common factor of 8 and 622.
2
What is the highest common factor of 568 and 64?
8
What is the greatest common factor of 609 and 1421?
203
Calculate the greatest comm